{"version":"1.0","provider_name":"Helderse binnenstad","provider_url":"https:\/\/heldersebinnenstad.nl\/en\/","author_name":"Fred van Eck","author_url":"https:\/\/heldersebinnenstad.nl\/en\/author\/fred\/","title":"Boek een kraam of grondplaats - Helderse binnenstad","type":"rich","width":600,"height":338,"html":"<blockquote class=\"wp-embedded-content\" data-secret=\"X9XsuAwv3h\"><a href=\"https:\/\/heldersebinnenstad.nl\/en\/kraam-of-grondplaats\/\">Boek een kraam of grondplaats<\/a><\/blockquote><iframe sandbox=\"allow-scripts\" security=\"restricted\" src=\"https:\/\/heldersebinnenstad.nl\/en\/kraam-of-grondplaats\/embed\/#?secret=X9XsuAwv3h\" width=\"600\" height=\"338\" title=\"&#8220;Boek een kraam of grondplaats&#8221; &#8212; Helderse binnenstad\" data-secret=\"X9XsuAwv3h\" frameborder=\"0\" marginwidth=\"0\" marginheight=\"0\" scrolling=\"no\" class=\"wp-embedded-content\"><\/iframe><script type=\"text\/javascript\">\n\/* <![CDATA[ *\/\n\/*! This file is auto-generated *\/\n!function(d,l){\"use strict\";l.querySelector&&d.addEventListener&&\"undefined\"!=typeof URL&&(d.wp=d.wp||{},d.wp.receiveEmbedMessage||(d.wp.receiveEmbedMessage=function(e){var t=e.data;if((t||t.secret||t.message||t.value)&&!\/[^a-zA-Z0-9]\/.test(t.secret)){for(var s,r,n,a=l.querySelectorAll('iframe[data-secret=\"'+t.secret+'\"]'),o=l.querySelectorAll('blockquote[data-secret=\"'+t.secret+'\"]'),c=new RegExp(\"^https?:$\",\"i\"),i=0;i<o.length;i++)o[i].style.display=\"none\";for(i=0;i<a.length;i++)s=a[i],e.source===s.contentWindow&&(s.removeAttribute(\"style\"),\"height\"===t.message?(1e3<(r=parseInt(t.value,10))?r=1e3:~~r<200&&(r=200),s.height=r):\"link\"===t.message&&(r=new URL(s.getAttribute(\"src\")),n=new URL(t.value),c.test(n.protocol))&&n.host===r.host&&l.activeElement===s&&(d.top.location.href=t.value))}},d.addEventListener(\"message\",d.wp.receiveEmbedMessage,!1),l.addEventListener(\"DOMContentLoaded\",function(){for(var e,t,s=l.querySelectorAll(\"iframe.wp-embedded-content\"),r=0;r<s.length;r++)(t=(e=s[r]).getAttribute(\"data-secret\"))||(t=Math.random().toString(36).substring(2,12),e.src+=\"#?secret=\"+t,e.setAttribute(\"data-secret\",t)),e.contentWindow.postMessage({message:\"ready\",secret:t},\"*\")},!1)))}(window,document);\n\/\/# sourceURL=https:\/\/heldersebinnenstad.nl\/wp-includes\/js\/wp-embed.min.js\n\/* ]]> *\/\n<\/script>\n","thumbnail_url":"https:\/\/heldersebinnenstad.nl\/wp-content\/uploads\/2018\/12\/DSC05599_1280x720.jpg","thumbnail_width":1280,"thumbnail_height":720,"description":"Vanaf heden is onze markt bestelmodule weer geopend en is het mogelijk om een marktkraam of grondplaats te boeken op \u00e9\u00e9n of meerdere markten in de Helderse binnenstad. Meerdere locaties mogelijk We hebben de vier markten ondergebracht in \u00e9\u00e9n overzichtpagina en heeft u twee opties om een mooie plek te reserveren. Zo kunt u ervoor [&hellip;]"}

Vanaf heden is onze markt bestelmodule weer geopend en is het mogelijk om een marktkraam of grondplaats te boeken op één of meerdere markten in de Helderse binnenstad. Meerdere locaties mogelijk We hebben de vier markten ondergebracht in één overzichtpagina en heeft u twee opties om een mooie plek te reserveren. Zo kunt u ervoor [&hellip;]
